k + 35 = -25. Let z(m) be the second derivative of m**3/6 - 5*m**2/2 + 2*m. Let o be z(9). Calculate the greatest common factor of o and k.
4
Let x = -81 + 216. Let l(p) = p**3 + 4*p**2 - 3*p + 3. Let k be l(-4). What is the highest common divisor of x and k?
15
Let l(r) = 7*r**2 + 4*r - 3. Let o be l(2). Suppose -o + 3 = -5*s. What is the greatest common divisor of 18 and s?
6
Suppose -536 = -4*f - b, 4*f + b - 552 = -4*b. Suppose 0 = 2*z + z + 5*m - 32, 0 = -5*z + 2*m + 105. What is the greatest common factor of f and z?
19
Let d = 14 + -6. Let p(k) = k**3 - 3*k**2 - 3*k + 12. Let o be p(4). Calculate the greatest common divisor of d and o.
8
Let a be 13*(-2 + 1)/(-1). Let i be 0/(2/(-2) + 3). Suppose i = -3*w + 27 + 51. What is the greatest common factor of a and w?
13
Suppose 4*z = -5*p + 6, 5*z - 3*p - 26 = -0*p. Let w(f) = 4*f**2 - 4*f - 3. Let l be w(z). Calculate the highest common factor of 30 and l.
15
Suppose -3*o = o - 44. What is the greatest common factor of o and 11?
11
Let f(y) = -y**2 + 3*y + 2. Let a be f(3). Let u be 42/8 + a/(-8). Suppose -656 - 114 = -u*m. What is the highest common divisor of m and 14?
14
Suppose -h + 5 = -0*h. Let c(q) = 3*q - 28. Let d be c(12). Let o = d - h. Calculate the greatest common factor of o and 33.
3
Let u = -26 - -28. Let o be (u/(-6))/((-9)/2457). Calculate the highest common factor of o and 13.
13
Let q(i) = 10*i - 6. Let v be q(6). Suppose 0 = s + 10 - 16. Calculate the highest common factor of v and s.
6
Suppose 2*h + 63 = 3*b + h, 75 = 3*b - 5*h. Let t be (4/10)/(1/b). Suppose -353 - 87 = -5*f. Calculate the highest common divisor of t and f.
8
Let m = 200 - 135. What is the greatest common factor of m and 13?
13
Let l be -21 - 0/(-2 - -5). Let s be (-6)/21 + (-405)/l. Calculate the highest common factor of s and 19.
19
Suppose 0 = -5*r - 5*f, -3*r + f = -4 - 12. Suppose r*t = -20, u + t = -t + 4. Calculate the greatest common factor of 140 and u.
14
Let k = 20 - -17. Let h be -6*3/(-6) + k. Calculate the highest common factor of 5 and h.
5
Suppose -7*l + 27 = -4*l. Let t = 20 - l. Let a = 142 - 54. What is the highest common factor of a and t?
11
Let w(h) = -59*h + 7. Let d be w(-7). Let g = -222 + d. Suppose -4*t = f - 199, 2*f = -2*t - 2*t + g. Calculate the greatest common factor of 20 and t.
10
Suppose -7*u = -1 - 6. What is the highest common factor of 7 and u?
1
Let z = 87 - 74. Calculate the highest common factor of z and 143.
13
Let m(a) = 13*a - 15. Let r be m(6). Suppose -8*i + r = -7*i. Calculate the highest common factor of i and 9.
9
Let f(d) = -d**3 - 11*d**2 + 2*d + 27. Let i be f(-11). Let x = 29 + 26. What is the greatest common factor of x and i?
5
Suppose 3*f + 6*q + 13 = q, -3*f = -q - 17. Let r = -11 - -18. Suppose -r = -f*s + 13. Calculate the greatest common divisor of 15 and s.
5
Let f = -46 - -82. What is the greatest common divisor of f and 24?
12
Let i = 40 + -13. Suppose 4*o = -5*o + 2673. What is the highest common factor of i and o?
27
Let x(m) = -m**3 - m**2 - 2*m - 1. Let q be x(-2). Let n = q - -11. What is the greatest common divisor of 90 and n?
18
Let k be 1 + 3 + (3 - 5). Suppose 30 = 2*h + k. What is the greatest common factor of h and 112?
14
Let b be (0 - -1)*(10 - -1). Let s be 5 - (-1)/((-1884)/(-376) - 5). Calculate the greatest common factor of s and b.
11
Suppose 0 = 14*m - 95 - 3. What is the highest common divisor of 7 and m?
7
Let b = -27 + 37. Calculate the highest common divisor of 30 and b.
10
Suppose -o + 2*p + 10 = 3*o, 0 = 2*p + 6. Suppose -5*u = -1 - 24. What is the highest common divisor of u and o?
1
Let s(t) = -t**2 - 2*t - 3. Let m be s(-2). Let z = m + 10. What is the highest common divisor of z and 49?
7
Let f(y) = -2*y + 4. Let t be f(-4). What is the greatest common divisor of 36 and t?
12
Let x be 0 - -2 - (1 + -1). Suppose 3*s - l + 35 = 5*s, x*l + 30 = s. Calculate the greatest common divisor of 8 and s.
4
Let k be (2 + -3)/(2/(-6)). Suppose -50 = -k*q - 17. Calculate the highest common divisor of 1 and q.
1
Suppose 0 = -4*m + 7 + 17. Suppose -520 = w - m*w. Calculate the highest common factor of 13 and w.
13
Let j = -41 + 62. What is the highest common divisor of 7 and j?
7
Let z(k) = -3*k - 1. Let s be z(-1). Let a = 6 - s. What is the highest common factor of 10 and a?
2
Let i = -37 - -59. Let w = 22 - 0. Calculate the highest common divisor of i and w.
22
Let l be (0/1)/(3 - 4). Suppose f + l - 1 = 0. Let g be 1/((-4 - -1) + 4). What is the greatest common factor of g and f?
1
Suppose 0 = 4*v - 5*v. Suppose 3*g - g + 8 = v. Let m be ((-40)/14)/(g/14). What is the greatest common divisor of m and 20?
10
Let x(k) = -k**2 - 10*k - 9. Let r be x(-9). Suppose r*t - 10 = -t. Let s be 1/3 + (-1673)/(-21). What is the highest common factor of t and s?
10
Let d = 12 + -24. Let y = -15 - -7. Let f = y - d. Calculate the greatest common divisor of f and 6.
2
Let n = 23 - 14. Let j = 21 - n. What is the highest common divisor of 84 and j?
12
Suppose 2*s + 15 = -5*a, a + 2 = s - 1. Suppose s*o + o = 9. Calculate the greatest common divisor of 9 and o.
9
Suppose -l = -4*l - 12. Let x(b) be the first derivative of b**3/3 - b**2 + b - 1. Let w be x(l). Calculate the greatest common divisor of w and 5.
5
Suppose 5*a + 15 = 2*u + 2*a, -a = u - 20. Calculate the highest common factor of u and 60.
15
Let t(p) = 96*p**2 + p - 1. Let h be t(1). Let w = 24 + -12. Calculate the highest common factor of w and h.
12
Let t(v) = 2*v + 4. Let f be t(6). Suppose -4*q = 4, 5*p + 7 = -3*q + 164. What is the greatest common divisor of f and p?
16
Suppose 3*m - 4*p = m - 18, 21 = -4*m + 5*p. What is the greatest common factor of 3 and m?
1
Suppose 3*q - 6 = 12. Suppose -x = 3*l - 92, l - 3*l = -5*x - 50. What is the greatest common factor of l and q?
6
Suppose -3*r = 3*m - 12, -4*r + 5*m - 10 - 10 = 0. Suppose 2*y + 8 - 22 = r. Calculate the highest common factor of y and 1.
1
Suppose 5*v - 4 = -2*o, v + 2*o + o + 7 = 0. Suppose -v*k = -40 - 112. Calculate the greatest common factor of k and 19.
19
Suppose -3*f + 42 = 15. Let u(s) = -s**3 + s**2 - s + 54. Let w be u(0). What is the highest common factor of f and w?
9
Let j(l) be the second derivative of -l**5/20 - l**4/12 + l**3/6 + 55*l**2/2 + 3*l. Let i be j(0). What is the greatest common divisor of i and 11?
11
Let d be 41/(-4) - 7/(-28). Let j be (-2)/d - 81/(-45). Suppose 4*s + o = j*o + 91, 4*s + o - 85 = 0. Calculate the greatest common divisor of 55 and s.
11
Let f be 6/(-15) + 12/5. Suppose c - 40 = f*m + 2*m, 0 = 5*c + 2*m - 112. Calculate the greatest common divisor of 16 and c.
8
Suppose -j = -4 - 3. Let o = 15 - -41. Calculate the greatest common divisor of o and j.
7
Suppose 2*w - 1 = -11. Let b = w + 8. Suppose -b*i + 2*i = -133. What is the highest common divisor of i and 19?
19
Let p(d) = -d**2 + 5*d + 15. Let w be p(7). What is the greatest common factor of 1 and w?
1
Let s be ((-1)/(-3))/(2/(-6)). Let u be 1 - s - -24 - 2. Let m = 6 - -2. Calculate the highest common factor of u and m.
8
Let h(k) = -k**2 + 7*k - 4. Let u be h(4). Suppose -g = -2*n + 6, 4*g = 4*n + g - 10. Suppose n*r + 15 = 239. What is the highest common divisor of r and u?
8
Suppose -10 = -5*r, -18 = -5*m - 5*r + r. Let g be 3/m*(0 - 2). Let h be -2 + 18/(-1 - g). What is the greatest common divisor of 21 and h?
7
Let p = 10 - 6. Suppose 2*f + 4*k - 35 - 31 = 0, p*f + 5*k = 138. Let q = -19 + f. What is the greatest common divisor of 45 and q?
9
Let i be 3/5 + 15/(-25). Suppose i*z - 4*z = -80. Calculate the highest common factor of 50 and z.
10
Let s(k) = 7*k**2 + 3*k + 6. Let h be s(4). Calculate the highest common factor of 13 and h.
13
Let o = 27 - 16. Let a be (0 - -13)/(1/o). Calculate the greatest common factor of a and 13.
13
Let s(h) = -3*h**3 + h - 1. Let t be s(1). Let o = t - -7. Suppose -422 = -o*d - 102. What is the highest common factor of d and 16?
16
Let o(j) = j**3 - 11*j**2 - 11*j. Let k be o(12). Calculate the highest common factor of 18 and k.
6
Suppose 2*c + 5*r - 4 = -c, 4*r = -2*c. Calculate the greatest common factor of c and 88.
8
Suppose -i - i = -22. Let y(k) = -k**3 + 5*k**2 + 5*k + 8. Let o be y(6). Let t be (35 - 2)/(o/6). What is the greatest common factor of t and i?
11
Let 